[INFO] cloning repository https://github.com/OneSadCookie/padgrid
[INFO] running `Command { std: "git" "-c" "credential.helper=" "-c" "credential.helper=/workspace/cargo-home/bin/git-credential-null" "clone" "--bare" "https://github.com/OneSadCookie/padgrid" "/workspace/cache/git-repos/https%3A%2F%2Fgithub.com%2FOneSadCookie%2Fpadgrid", kill_on_drop: false }`
[INFO] [stderr] Cloning into bare repository '/workspace/cache/git-repos/https%3A%2F%2Fgithub.com%2FOneSadCookie%2Fpadgrid'...
[INFO] running `Command { std: "git" "rev-parse" "HEAD", kill_on_drop: false }`
[INFO] [stdout] 65abc22cf806e734b16118b3d3a0c49bd2a07a8f
[INFO] checking OneSadCookie/padgrid against master#9610dfe5a9a731ced1ea4923ecbd0c57fe367898 for beta-170-4
[INFO] running `Command { std: "git" "clone" "/workspace/cache/git-repos/https%3A%2F%2Fgithub.com%2FOneSadCookie%2Fpadgrid" "/workspace/builds/worker-6-tc1/source", kill_on_drop: false }`
[INFO] [stderr] Cloning into '/workspace/builds/worker-6-tc1/source'...
[INFO] [stderr] done.
[INFO] validating manifest of git repo https://github.com/OneSadCookie/padgrid on toolchain 9610dfe5a9a731ced1ea4923ecbd0c57fe367898
[INFO] running `Command { std: CARGO_HOME="/workspace/cargo-home" RUSTUP_HOME="/workspace/rustup-home" "/workspace/cargo-home/bin/cargo" "+9610dfe5a9a731ced1ea4923ecbd0c57fe367898" "metadata" "--manifest-path" "Cargo.toml" "--no-deps", kill_on_drop: false }`
[INFO] removed /workspace/builds/worker-6-tc1/source/rust-toolchain
[INFO] started tweaking git repo https://github.com/OneSadCookie/padgrid
[INFO] finished tweaking git repo https://github.com/OneSadCookie/padgrid
[INFO] tweaked toml for git repo https://github.com/OneSadCookie/padgrid written to /workspace/builds/worker-6-tc1/source/Cargo.toml
[INFO] crate git repo https://github.com/OneSadCookie/padgrid already has a lockfile, it will not be regenerated
[INFO] running `Command { std: CARGO_HOME="/workspace/cargo-home" RUSTUP_HOME="/workspace/rustup-home" "/workspace/cargo-home/bin/cargo" "+9610dfe5a9a731ced1ea4923ecbd0c57fe367898" "fetch" "--manifest-path" "Cargo.toml", kill_on_drop: false }`
[INFO] [stderr]     Updating git repository `https://github.com/hyperium/hyper.git`
[INFO] [stderr]  Downloading crates ...
[INFO] [stderr]   Downloaded pear v0.0.20
[INFO] [stderr]   Downloaded pear_codegen v0.0.20
[INFO] [stderr]   Downloaded unicode-bidi v0.2.5
[INFO] [stderr]   Downloaded url v1.4.0
[INFO] [stderr]   Downloaded unicode-normalization v0.1.4
[INFO] [stderr]   Downloaded tokio-proto v0.1.0
[INFO] [stderr]   Downloaded redox_syscall v0.1.16
[INFO] [stderr]   Downloaded adler32 v0.3.0
[INFO] [stderr]   Downloaded futures-cpupool v0.1.3
[INFO] [stderr]   Downloaded futures v0.1.10
[INFO] [stderr]   Downloaded mio v0.6.4
[INFO] [stderr]   Downloaded tokio-core v0.1.4
[INFO] [stderr]   Downloaded aho-corasick v0.6.2
[INFO] [stderr]   Downloaded deflate v0.7.4
[INFO] [stderr]   Downloaded miow v0.2.0
[INFO] [stderr]   Downloaded rocket v0.3.16
[INFO] [stderr]   Downloaded rocket_codegen v0.3.16
[INFO] [stderr]   Downloaded base64 v0.4.0
[INFO] [stderr]   Downloaded bytes v0.4.0
[INFO] running `Command { std: "docker" "create" "-v" "/var/lib/crater-agent-workspace/builds/worker-6-tc1/target:/opt/rustwide/target:rw,Z" "-v" "/var/lib/crater-agent-workspace/builds/worker-6-tc1/source:/opt/rustwide/workdir:ro,Z" "-v" "/var/lib/crater-agent-workspace/cargo-home:/opt/rustwide/cargo-home:ro,Z" "-v" "/var/lib/crater-agent-workspace/rustup-home:/opt/rustwide/rustup-home:ro,Z" "-e" "SOURCE_DIR=/opt/rustwide/workdir" "-e" "CARGO_TARGET_DIR=/opt/rustwide/target" "-e" "CARGO_HOME=/opt/rustwide/cargo-home" "-e" "RUSTUP_HOME=/opt/rustwide/rustup-home" "-w" "/opt/rustwide/workdir" "-m" "1610612736" "--user" "0:0" "--network" "none" "ghcr.io/rust-lang/crates-build-env/linux@sha256:19e73879b68f455e41552ea35293514db52ea292d993f571636dbffedb77a1ee" "/opt/rustwide/cargo-home/bin/cargo" "+9610dfe5a9a731ced1ea4923ecbd0c57fe367898" "metadata" "--no-deps" "--format-version=1", kill_on_drop: false }`
[INFO] [stdout] 4b9e9b532a47a585f22a8e18f4a47531836bb89983ba9d765354becfdf6a8b4d
[INFO] running `Command { std: "docker" "start" "-a" "4b9e9b532a47a585f22a8e18f4a47531836bb89983ba9d765354becfdf6a8b4d", kill_on_drop: false }`
[INFO] running `Command { std: "docker" "inspect" "4b9e9b532a47a585f22a8e18f4a47531836bb89983ba9d765354becfdf6a8b4d", kill_on_drop: false }`
[INFO] running `Command { std: "docker" "rm" "-f" "4b9e9b532a47a585f22a8e18f4a47531836bb89983ba9d765354becfdf6a8b4d", kill_on_drop: false }`
[INFO] [stdout] 4b9e9b532a47a585f22a8e18f4a47531836bb89983ba9d765354becfdf6a8b4d
[INFO] running `Command { std: "docker" "create" "-v" "/var/lib/crater-agent-workspace/builds/worker-6-tc1/target:/opt/rustwide/target:rw,Z" "-v" "/var/lib/crater-agent-workspace/builds/worker-6-tc1/source:/opt/rustwide/workdir:ro,Z" "-v" "/var/lib/crater-agent-workspace/cargo-home:/opt/rustwide/cargo-home:ro,Z" "-v" "/var/lib/crater-agent-workspace/rustup-home:/opt/rustwide/rustup-home:ro,Z" "-e" "SOURCE_DIR=/opt/rustwide/workdir" "-e" "CARGO_TARGET_DIR=/opt/rustwide/target" "-e" "CARGO_INCREMENTAL=0" "-e" "RUST_BACKTRACE=full" "-e" "RUSTFLAGS=--cap-lints=forbid" "-e" "RUSTDOCFLAGS=--cap-lints=forbid" "-e" "CARGO_HOME=/opt/rustwide/cargo-home" "-e" "RUSTUP_HOME=/opt/rustwide/rustup-home" "-w" "/opt/rustwide/workdir" "-m" "1610612736" "--user" "0:0" "--network" "none" "ghcr.io/rust-lang/crates-build-env/linux@sha256:19e73879b68f455e41552ea35293514db52ea292d993f571636dbffedb77a1ee" "/opt/rustwide/cargo-home/bin/cargo" "+9610dfe5a9a731ced1ea4923ecbd0c57fe367898" "check" "--frozen" "--all" "--all-targets" "--message-format=json", kill_on_drop: false }`
[INFO] [stdout] edfbaf8367ba0e6570a395b87bb372bbac40133cbb8dd8dc911a4de14016eab0
[INFO] running `Command { std: "docker" "start" "-a" "edfbaf8367ba0e6570a395b87bb372bbac40133cbb8dd8dc911a4de14016eab0", kill_on_drop: false }`
[INFO] [stderr]     Checking libc v0.2.21
[INFO] [stderr]    Compiling lazy_static v1.1.0
[INFO] [stderr]    Compiling cfg-if v0.1.5
[INFO] [stderr]    Compiling semver v0.1.20
[INFO] [stderr]    Compiling rayon-core v1.4.1
[INFO] [stderr]     Checking byteorder v1.2.6
[INFO] [stderr]     Checking log v0.3.6
[INFO] [stderr]    Compiling crossbeam-utils v0.2.2
[INFO] [stderr]    Compiling serde v1.0.79
[INFO] [stderr]    Compiling rustc_version v0.1.7
[INFO] [stderr]     Checking matches v0.1.4
[INFO] [stderr]     Checking num_cpus v1.3.0
[INFO] [stderr]     Checking unicode-bidi v0.2.5
[INFO] [stderr]     Checking rand v0.3.15
[INFO] [stderr]    Compiling crossbeam-epoch v0.3.1
[INFO] [stderr]     Checking futures v0.1.10
[INFO] [stderr]    Compiling unicase v1.4.0
[INFO] [stderr]    Compiling memchr v2.1.0
[INFO] [stderr]     Checking unicode-normalization v0.1.4
[INFO] [stderr]    Compiling crossbeam-deque v0.2.0
[INFO] [stderr]     Checking void v1.0.2
[INFO] [stderr]     Checking num-traits v0.1.37
[INFO] [stderr]    Compiling pear_codegen v0.0.20
[INFO] [stderr]    Compiling base64 v0.6.0
[INFO] [stderr]    Compiling time v0.1.36
[INFO] [stderr]     Checking net2 v0.2.26
[INFO] [stderr]    Compiling rayon v0.7.1
[INFO] [stderr]     Checking idna v0.1.0
[INFO] [stderr]     Checking num-integer v0.1.33
[INFO] [stderr]    Compiling rocket v0.3.16
[INFO] [stderr]     Checking lazycell v0.4.0
[INFO] [stderr]     Checking slab v0.3.0
[INFO] [stderr]     Checking mio v0.6.4
[INFO] [stderr]    Compiling mime v0.2.2
[INFO] [stderr]    Compiling unreachable v1.0.0
[INFO] [stderr]     Checking deque v0.3.1
[INFO] [stderr]     Checking url v1.4.0
[INFO] [stdout] error[E0557]: feature has been removed
[INFO] [stdout]  --> /opt/rustwide/cargo-home/registry/src/index.crates.io-6f17d22bba15001f/pear_codegen-0.0.20/src/lib.rs:1:12
[INFO] [stdout]   |
[INFO] [stdout] 1 | #![feature(plugin_registrar, rustc_private, quote)]
[INFO] [stdout]   |            ^^^^^^^^^^^^^^^^ feature has been removed
[INFO] [stdout]   |
[INFO] [stdout]   = note: a __rustc_plugin_registrar symbol must now be defined instead
[INFO] [stdout] 
[INFO] [stdout] 
[INFO] [stdout] error[E0557]: feature has been removed
[INFO] [stdout]  --> /opt/rustwide/cargo-home/registry/src/index.crates.io-6f17d22bba15001f/pear_codegen-0.0.20/src/lib.rs:1:45
[INFO] [stdout]   |
[INFO] [stdout] 1 | #![feature(plugin_registrar, rustc_private, quote)]
[INFO] [stdout]   |                                             ^^^^^ feature has been removed
[INFO] [stdout] 
[INFO] [stdout] 
[INFO] [stdout] error[E0462]: found staticlib `rustc` instead of rlib or dylib
[INFO] [stdout]  --> /opt/rustwide/cargo-home/registry/src/index.crates.io-6f17d22bba15001f/pear_codegen-0.0.20/src/lib.rs:3:1
[INFO] [stdout]   |
[INFO] [stdout] 3 | extern crate rustc;
[INFO] [stdout]   | ^^^^^^^^^^^^^^^^^^^
[INFO] [stdout]   |
[INFO] [stdout]   = note: the following crate versions were found:
[INFO] [stdout]           crate `rustc`: /opt/rustwide/rustup-home/toolchains/9610dfe5a9a731ced1ea4923ecbd0c57fe367898/lib/rustlib/x86_64-unknown-linux-gnu/lib/librustc-nightly_rt.tsan.a
[INFO] [stdout]           crate `rustc`: /opt/rustwide/rustup-home/toolchains/9610dfe5a9a731ced1ea4923ecbd0c57fe367898/lib/rustlib/x86_64-unknown-linux-gnu/lib/librustc-nightly_rt.msan.a
[INFO] [stdout]           crate `rustc`: /opt/rustwide/rustup-home/toolchains/9610dfe5a9a731ced1ea4923ecbd0c57fe367898/lib/rustlib/x86_64-unknown-linux-gnu/lib/librustc-nightly_rt.asan.a
[INFO] [stdout]           crate `rustc`: /opt/rustwide/rustup-home/toolchains/9610dfe5a9a731ced1ea4923ecbd0c57fe367898/lib/rustlib/x86_64-unknown-linux-gnu/lib/librustc-nightly_rt.lsan.a
[INFO] [stdout]           crate `rustc`: /opt/rustwide/rustup-home/toolchains/9610dfe5a9a731ced1ea4923ecbd0c57fe367898/lib/rustlib/x86_64-unknown-linux-gnu/lib/librustc-nightly_rt.safestack.a
[INFO] [stdout]   = help: please recompile that crate using --crate-type lib
[INFO] [stdout] 
[INFO] [stdout] 
[INFO] [stdout] error[E0463]: can't find crate for `rustc_errors`
[INFO] [stdout]  --> /opt/rustwide/cargo-home/registry/src/index.crates.io-6f17d22bba15001f/pear_codegen-0.0.20/src/lib.rs:4:1
[INFO] [stdout]   |
[INFO] [stdout] 4 | extern crate rustc_errors;
[INFO] [stdout]   | ^^^^^^^^^^^^^^^^^^^^^^^^^^ can't find crate
[INFO] [stdout]   |
[INFO] [stdout]   = help: maybe you need to install the missing components with: `rustup component add rust-src rustc-dev llvm-tools-preview`
[INFO] [stdout] 
[INFO] [stdout] 
[INFO] [stdout] error[E0463]: can't find crate for `rustc_plugin`
[INFO] [stdout]  --> /opt/rustwide/cargo-home/registry/src/index.crates.io-6f17d22bba15001f/pear_codegen-0.0.20/src/lib.rs:5:1
[INFO] [stdout]   |
[INFO] [stdout] 5 | extern crate rustc_plugin;
[INFO] [stdout]   | ^^^^^^^^^^^^^^^^^^^^^^^^^^ can't find crate
[INFO] [stdout]   |
[INFO] [stdout]   = help: maybe you need to install the missing components with: `rustup component add rust-src rustc-dev llvm-tools-preview`
[INFO] [stdout] 
[INFO] [stdout] 
[INFO] [stdout] error[E0463]: can't find crate for `syntax`
[INFO] [stdout]  --> /opt/rustwide/cargo-home/registry/src/index.crates.io-6f17d22bba15001f/pear_codegen-0.0.20/src/lib.rs:6:1
[INFO] [stdout]   |
[INFO] [stdout] 6 | extern crate syntax;
[INFO] [stdout]   | ^^^^^^^^^^^^^^^^^^^^ can't find crate
[INFO] [stdout] 
[INFO] [stdout] 
[INFO] [stdout] error: cannot find attribute `plugin_registrar` in this scope
[INFO] [stdout]   --> /opt/rustwide/cargo-home/registry/src/index.crates.io-6f17d22bba15001f/pear_codegen-0.0.20/src/lib.rs:38:3
[INFO] [stdout]    |
[INFO] [stdout] 38 | #[plugin_registrar]
[INFO] [stdout]    |   ^^^^^^^^^^^^^^^^
[INFO] [stdout]    |
[INFO] [stdout]    = note: `plugin_registrar` is in scope, but it is a function, not an attribute
[INFO] [stdout] 
[INFO] [stdout] 
[INFO] [stdout] error: cannot find macro `quote_expr` in this scope
[INFO] [stdout]   --> /opt/rustwide/cargo-home/registry/src/index.crates.io-6f17d22bba15001f/pear_codegen-0.0.20/src/lib.rs:68:32
[INFO] [stdout]    |
[INFO] [stdout] 68 |             let new_inner_fn = quote_expr!(ecx, parse!($input, $block));
[INFO] [stdout]    |                                ^^^^^^^^^^
[INFO] [stdout] 
[INFO] [stdout] 
[INFO] [stdout] error: cannot find macro `quote_attr` in this scope
[INFO] [stdout]   --> /opt/rustwide/cargo-home/registry/src/index.crates.io-6f17d22bba15001f/pear_codegen-0.0.20/src/lib.rs:76:37
[INFO] [stdout]    |
[INFO] [stdout] 76 |                 new_item.attrs.push(quote_attr!(ecx, #[inline]));
[INFO] [stdout]    |                                     ^^^^^^^^^^
[INFO] [stdout] 
[INFO] [stdout] 
[INFO] [stdout] error: cannot find macro `quote_attr` in this scope
[INFO] [stdout]   --> /opt/rustwide/cargo-home/registry/src/index.crates.io-6f17d22bba15001f/pear_codegen-0.0.20/src/lib.rs:78:37
[INFO] [stdout]    |
[INFO] [stdout] 78 |                 new_item.attrs.push(quote_attr!(ecx, #[inline(always)]));
[INFO] [stdout]    |                                     ^^^^^^^^^^
[INFO] [stdout] 
[INFO] [stdout] 
[INFO] [stdout] error: cannot find macro `quote_stmt` in this scope
[INFO] [stdout]    --> /opt/rustwide/cargo-home/registry/src/index.crates.io-6f17d22bba15001f/pear_codegen-0.0.20/src/lib.rs:177:24
[INFO] [stdout]     |
[INFO] [stdout] 177 |             stmts.push(quote_stmt!(ecx, let $unique_ident = $param;).unwrap());
[INFO] [stdout]     |                        ^^^^^^^^^^
[INFO] [stdout] 
[INFO] [stdout] 
[INFO] [stdout] error: cannot find macro `quote_expr` in this scope
[INFO] [stdout]    --> /opt/rustwide/cargo-home/registry/src/index.crates.io-6f17d22bba15001f/pear_codegen-0.0.20/src/lib.rs:268:22
[INFO] [stdout]     |
[INFO] [stdout] 268 |             false => quote_expr!(ecx, ::pear::ParseResult::Done($expr))
[INFO] [stdout]     |                      ^^^^^^^^^^
[INFO] [stdout] 
[INFO] [stdout] 
[INFO] [stdout] error: cannot find macro `quote_expr` in this scope
[INFO] [stdout]    --> /opt/rustwide/cargo-home/registry/src/index.crates.io-6f17d22bba15001f/pear_codegen-0.0.20/src/lib.rs:319:13
[INFO] [stdout]     |
[INFO] [stdout] 319 |             quote_expr!(ecx, { $stmt })
[INFO] [stdout]     |             ^^^^^^^^^^
[INFO] [stdout] 
[INFO] [stdout] 
[INFO] [stdout] error: cannot find macro `quote_expr` in this scope
[INFO] [stdout]    --> /opt/rustwide/cargo-home/registry/src/index.crates.io-6f17d22bba15001f/pear_codegen-0.0.20/src/lib.rs:323:17
[INFO] [stdout]     |
[INFO] [stdout] 323 |                 quote_expr!(ecx, ::pear::ParseResult::Done($expr))
[INFO] [stdout]     |                 ^^^^^^^^^^
[INFO] [stdout] 
[INFO] [stdout] 
[INFO] [stdout] error: cannot find macro `quote_tokens` in this scope
[INFO] [stdout]    --> /opt/rustwide/cargo-home/registry/src/index.crates.io-6f17d22bba15001f/pear_codegen-0.0.20/src/lib.rs:325:43
[INFO] [stdout]     |
[INFO] [stdout] 325 |                 let mut streams: Vec<_> = quote_tokens!(ecx, $input,).into_iter()
[INFO] [stdout]     |                                           ^^^^^^^^^^^^
[INFO] [stdout] 
[INFO] [stdout] 
[INFO] [stdout] error: cannot find macro `quote_expr` in this scope
[INFO] [stdout]    --> /opt/rustwide/cargo-home/registry/src/index.crates.io-6f17d22bba15001f/pear_codegen-0.0.20/src/lib.rs:396:54
[INFO] [stdout]     |
[INFO] [stdout] 396 |                 None => gen_expr(ecx, input, &wild, &quote_expr!(ecx, ()), VecDeque::new())
[INFO] [stdout]     |                                                      ^^^^^^^^^^
[INFO] [stdout] 
[INFO] [stdout] 
[INFO] [stdout] error: cannot find macro `quote_expr` in this scope
[INFO] [stdout]    --> /opt/rustwide/cargo-home/registry/src/index.crates.io-6f17d22bba15001f/pear_codegen-0.0.20/src/lib.rs:400:13
[INFO] [stdout]     |
[INFO] [stdout] 400 |             quote_expr!(ecx, if $cond_expr { $new_block } else { $new_else })
[INFO] [stdout]     |             ^^^^^^^^^^
[INFO] [stdout] 
[INFO] [stdout] 
[INFO] [stdout] error: cannot find macro `quote_expr` in this scope
[INFO] [stdout]    --> /opt/rustwide/cargo-home/registry/src/index.crates.io-6f17d22bba15001f/pear_codegen-0.0.20/src/lib.rs:408:54
[INFO] [stdout]     |
[INFO] [stdout] 408 |                 None => gen_expr(ecx, input, &wild, &quote_expr!(ecx, ()), VecDeque::new())
[INFO] [stdout]     |                                                      ^^^^^^^^^^
[INFO] [stdout] 
[INFO] [stdout] 
[INFO] [stdout] error: cannot find macro `quote_expr` in this scope
[INFO] [stdout]    --> /opt/rustwide/cargo-home/registry/src/index.crates.io-6f17d22bba15001f/pear_codegen-0.0.20/src/lib.rs:412:13
[INFO] [stdout]     |
[INFO] [stdout] 412 |             quote_expr!(ecx, if let $pat = $pat_expr { $new_block } else { $new_else })
[INFO] [stdout]     |             ^^^^^^^^^^
[INFO] [stdout] 
[INFO] [stdout] 
[INFO] [stdout] error: cannot find macro `quote_expr` in this scope
[INFO] [stdout]    --> /opt/rustwide/cargo-home/registry/src/index.crates.io-6f17d22bba15001f/pear_codegen-0.0.20/src/lib.rs:436:13
[INFO] [stdout]     |
[INFO] [stdout] 436 |             quote_expr!(ecx, ::pear::ParseResult::Done($expr))
[INFO] [stdout]     |             ^^^^^^^^^^
[INFO] [stdout] 
[INFO] [stdout] 
[INFO] [stdout] error: cannot find macro `quote_expr` in this scope
[INFO] [stdout]    --> /opt/rustwide/cargo-home/registry/src/index.crates.io-6f17d22bba15001f/pear_codegen-0.0.20/src/lib.rs:441:13
[INFO] [stdout]     |
[INFO] [stdout] 441 |             quote_expr!(ecx, ::pear::ParseResult::Done($expr))
[INFO] [stdout]     |             ^^^^^^^^^^
[INFO] [stdout] 
[INFO] [stdout] 
[INFO] [stdout] error: cannot find macro `quote_expr` in this scope
[INFO] [stdout]    --> /opt/rustwide/cargo-home/registry/src/index.crates.io-6f17d22bba15001f/pear_codegen-0.0.20/src/lib.rs:449:9
[INFO] [stdout]     |
[INFO] [stdout] 449 |         quote_expr!(ecx,
[INFO] [stdout]     |         ^^^^^^^^^^
[INFO] [stdout] 
[INFO] [stdout] 
[INFO] [stdout] error: cannot find macro `quote_expr` in this scope
[INFO] [stdout]    --> /opt/rustwide/cargo-home/registry/src/index.crates.io-6f17d22bba15001f/pear_codegen-0.0.20/src/lib.rs:469:53
[INFO] [stdout]     |
[INFO] [stdout] 469 |             let expr = gen_expr(ecx, input, &wild, &quote_expr!(ecx, ()), stmts);
[INFO] [stdout]     |                                                     ^^^^^^^^^^
[INFO] [stdout] 
[INFO] [stdout] 
[INFO] [stdout] error: cannot find macro `quote_expr` in this scope
[INFO] [stdout]    --> /opt/rustwide/cargo-home/registry/src/index.crates.io-6f17d22bba15001f/pear_codegen-0.0.20/src/lib.rs:491:48
[INFO] [stdout]     |
[INFO] [stdout] 491 |                 stmts.push_front(ecx.stmt_expr(quote_expr!(ecx, ())));
[INFO] [stdout]     |                                                ^^^^^^^^^^
[INFO] [stdout] 
[INFO] [stdout] 
[INFO] [stdout] error: aborting due to 24 previous errors
[INFO] [stdout] 
[INFO] [stdout] 
[INFO] [stdout] Some errors have detailed explanations: E0462, E0463, E0557.
[INFO] [stdout] 
[INFO] [stdout] For more information about an error, try `rustc --explain E0462`.
[INFO] [stdout] 
[INFO] [stderr] error: could not compile `pear_codegen` (lib) due to 25 previous errors
[INFO] [stderr] warning: build failed, waiting for other jobs to finish...
[INFO] [stdout] error[E0713]: borrow may still be in use when destructor runs
[INFO] [stdout]    --> /opt/rustwide/cargo-home/registry/src/index.crates.io-6f17d22bba15001f/url-1.4.0/src/form_urlencoded.rs:246:40
[INFO] [stdout]     |
[INFO] [stdout] 244 | impl<'a> Target for ::UrlQuery<'a> {
[INFO] [stdout]     |      -- lifetime `'a` defined here
[INFO] [stdout] 245 |     fn as_mut_string(&mut self) -> &mut String { &mut self.url.serialization }
[INFO] [stdout] 246 |     fn finish(self) -> &'a mut ::Url { self.url }
[INFO] [stdout]     |                                        ^^^^^^^^ - here, drop of `self` needs exclusive access to `*self.url`, because the type `UrlQuery<'_>` implements the `Drop` trait
[INFO] [stdout]     |                                        |
[INFO] [stdout]     |                                        returning this value requires that `*self.url` is borrowed for `'a`
[INFO] [stdout] 
[INFO] [stdout] 
[INFO] [stdout] error: aborting due to previous error
[INFO] [stdout] 
[INFO] [stdout] 
[INFO] [stdout] For more information about this error, try `rustc --explain E0713`.
[INFO] [stdout] 
[INFO] [stderr] error: could not compile `url` (lib) due to 2 previous errors
[INFO] running `Command { std: "docker" "inspect" "edfbaf8367ba0e6570a395b87bb372bbac40133cbb8dd8dc911a4de14016eab0", kill_on_drop: false }`
[INFO] running `Command { std: "docker" "rm" "-f" "edfbaf8367ba0e6570a395b87bb372bbac40133cbb8dd8dc911a4de14016eab0", kill_on_drop: false }`
[INFO] [stdout] edfbaf8367ba0e6570a395b87bb372bbac40133cbb8dd8dc911a4de14016eab0
